161).
-63
(241 + -184 - (3 + (1 - 1))) + -8
46
What is 10 + (-43 + 53 + -11 - -31)?
40
Calculate (16 + -5 + -28 - -29) + 1 + -12.
1
What is 236 - (355 - 178) - (4 - 53)?
108
What is the value of (7 - -15) + 133 - 29?
126
What is (-171 - (1 + -4)) + 22 + -17 + 17?
-146
Calculate (-51 - 3) + -9 + 92 + -61.
-32
What is the value of -9 + 3 - (-7 + (-4 - (4 - 11))) - 52?
-54
What is the value of -65 + 53 + -84 + 82?
-14
What is the value of (32 - 38) + -1 + -9 - 36?
-52
What is 4 + (74 - 95) + -50?
-67
Calculate (31 - 35) + -18 - (9 + -1) - -1.
-29
What is 34 - (-54 - (33 - 80))?
41
Calculate 51 + 2 + -298 + 210.
-35
-23 - (3 - -1 - 0 - 1) - (-1123 + 1128)
-31
(64 - 1) + (15 - (-4 - (-27 + 8) - 9))
72
Calculate 0 + -9 + 1 + -1 + 11 + -62 + 38.
-22
-7 + (4 + -5 - -3) + (-60 - -64) - 1
-2
What is the value of (0 + -55 - (81 + (98 - 188))) + 5?
-41
What is -50 - (-39 - (-1 - 12) - -21)?
-45
(58 - 112) + 55 - 3
-2
Calculate -3 + 30 + 56 + -65.
18
What is the value of -3 + -5 - (3 - 2 - 7 - (-43 + 62))?
17
What is 42 + 0 - (243 - 186)?
-15
What is 52 + -5 + 14 - (-6 + 28 - 9)?
48
(-43 - -20) + 20 + (3 - 1 - -13)
12
Evaluate (-11 - -1 - (5 + 45) - -8) + 7 + -4.
-49
Calculate -42 + (-6 - (-8 + 0 + 3 - (40 + -39))).
-42
What is (-1 - 7) + (-82 - (20 + (-34 - 9) - -15))?
-82
What is 6 - (-8 + (-14 - -34 - -95)) - -21?
-80
What is 937 + -925 - (-39 + 0 + (8 - 17 - -9))?
51
What is the value of 0 + 5 - (-25 + -6 + -24 + 46 + 4)?
10
What is the value of -3 + 319 + -112 - 86?
118
Calculate 10 + -12 + 8 + 9 + -16 + (29 - 1).
27
What is -26 + (-59 - 9) + 44?
-50
27 + (153 - 71 - 72)
37
Evaluate 2 - -2 - (-70 - -137 - 112).
49
Evaluate 114 + -93 - (12 + -17 - -35).
-9
What is the value of 69 + (7 - 4) + (-58 - -39)?
53
Calculate -5 - -72 - (-2 + 1 + (14 - 7) + -4).
65
Calculate 1 + 0 + 14 + -7 + -1 + -5 + -2.
0
What is -107 - 12 - (23 + (5 - (24 + 4 + -9)))?
-128
What is (2 + -13 - (0 + (-20 - 3)) - 4) + 4?
12
What is -2 - 23 - (11 - 84 - -76)?
-28
Calculate 34 - (-5 - 10 - -5) - (-5 + (-2 - -8)).
43
What is the value of -50 - (41 + 1 - (63 - -13))?
-16
What is the value of 16 - (-8 - (39 + -36))?
27
Calculate (-62 - -10) + 5 + (8 - 19) - -14.
-44
87 + -6 - (31 - (16 - -1))
67
What is the value of (0 - 4) + -89 - ((67 - 96) + (39 - 15))?
-88
92 + (-281 - (-197 - -91))
-83
What is the value of -350 + 344 + (36 - -1) + 5 + (0 - -1)?
37
What is the value of (-19 - -3) + -2200 + 2110?
-106
What is the value of -41 + 10 + -13 + -7 - (8 - 1)?
-58
Calculate -113 - (-7 + (28 - (-41 - -90))).
-85
-124 - -32 - -15 - -137
60
Evaluate -26 + (-4 - 4) - ((-8 - -5) + (-5 - -2)).
-28
What is the value of 3 + -94 + (-115 - -125 - (4 + (0 - -1)))?
-86
What is 28 - (21 - 6) - -1?
14
Evaluate -28 + (-47 - 6 - 6) + 11 + -3.
-79
Evaluate (-33 - -8) + 10 + -7 + (-243 - -237).
-28
What is 14 + (-1 - -15) + -24 + (2 - (-3 - -54))?
-45
What is -2 + -27 + 33 + (-20 - 0) - 62?
-78
Calculate 109 + -3 + -1 + -6 + -49 + 78.
128
What is the value of -4 + (3 - (-19 + 8 + 10 - 12))?
12
-14 + -99 + -69 + 143
-39
90 + (102 - 196) - ((0 - -2) + 1 + -2)
-5
Calculate 20 - ((-20 - (-59 + -1)) + 5).
-25
(-4 - (8 + -15) - (-11 - 11)) + -6
19
What is 2 - (-10 + (-1 - -3) - -1) - (1 + 41)?
-33
What is the value of 12 + (-86 - (-36 + 23)) - -3?
-58
Evaluate 7 + 123 + (-44 - 27).
59
What is the value of 9 - (8 + -11) - (-74 - -101)?
-15
Evaluate 9 - -10 - (3 - -27 - (46 + 57)).
92
(72 - 28) + -44 + 18
18
Calculate -56 - (3 - 55 - -24) - (1 + -2).
-27
Calculate -10 + (-19 - 1) + -274 + 288 + 84.
68
What is -43 + (38 - (-19 - -82))?
-68
Evaluate 1 + -12 - (138 + -126 + -1 + 18 + 104).
-144
What is the value of 5 - (-8 - 1) - (-13 + (-34 - -57))?
4
Evaluate -66 - (-21 - 23) - -87.
65
What is the value of -2558 + 2532 - (-76 + -1)?
51
(5 - (35 - 71)) + 82 + 11 + 3 + -2
135
Evaluate -55 - (44 - 104) - (-21 + 1).
25
10 + (36 - 8) + (63 - 63)
38
What is the value of (-2 - 3) + (16 - (-10 + 54 + -13))?
-20
-4 + 2 - 3 - (2 - -22 - 38)
9
What is 61 - (14 + -11) - 0 - (9 + 2) - 1?
46
Evaluate -5 - -1 - -15 - (-8 + (-46 - -153)).
-88
Evaluate 19 + 14 + -7 + -54 + 1.
-27
Evaluate -145 - (96 - 292) - -68.
119
Evaluate 19 + (18 + (28 - 19) - -4).
50
Evaluate -6 + 29 - (160 + -138).
1
Calculate 76 - (-26 + -44 + 7 + 26).
113
Calculate 104 + -54 + (120 - 158).
12
Calculate (2 - 42 - (1 + -2)) + 16124 + -16129.
-44
Evaluate (-27 - (6 + 5) - -34) + -78.
-82
Calculate (4 - (6 + -6)) + -2 - (-81 + -4 - -13).
74
Calculate -46 - (83 + 6 + -48).
-87
Calculate -17 + 13 - -2 - (-13 - (9 + -6)).
14
What is -25 + 48 + -34 + 1 + 78?
68
Evaluate (-5 - -1) + 9 - (85 - 121).
41
What is the value of -38 - (-139 - -94) - -65?
72
Evaluate 116 - (79 - (51 + -60)).
28
What is the value of -288 + 235 + -3 + 17?
-39
Evaluate -61 + -60 - -87 - (3 + -12).
-25
What is (-18 + 32 - -12) + -49?
-23
Calculate 50 - (45 + -46 + 71).
-20
Calculate -25 + 80 + (11 - (-7 + (23 - -1))).
49
What is (111 - -21) + ((17 - -3) + 4 - 6)?
150
-6 + ((12 - 14) + (-7 - -3) - (-55 - 0))
43
What is (-30 - -1) + (224 - 202) + -1 + 55?
47
What is the value of -38 - (-50 - -16 - -20) - -3 - (-1 + -6)?
-14
What is 29 - (-74 + 43 - -70)?
-10
Calculate -1 + -23 + (-239 - -161 - (3 - 14)).
-91
76 + -1 + 21 + (101 - 148)
49
What is the value of -53 - (-42 - -18) - 10?
-39
Calculate 1 + -2 - 0 - (8 + -46 + 21).
16
Calculate 2 - 9 - (-2 - (6 - (13 + (-7 - -4)))).
-9
Calculate -6 - -100 - (42 - -28).
24
What is the value of 40 + -1 + 11 + (422 - 415)?
57
What is the value of -55 - (-4 - (-12 - -51))?
-12
-6 - (23 + 2 - (-5 - (2 + -21)))
-17
(-13 - 35) + -5 - -53
0
What is the value of (-11 - -24) + -62 + 63?
14
Evaluate 74 + -14 + 7 + -138.
-71
-35 + -2 + 28 - (-30 - 2)
23
Calculate 0 + -75 + -388 + 391 + 17.
-55
Evaluate -12 + (-83 - (-185 - -90)) + (2 - (111 + 1)).
-110
Calculate 63 + 25 + 4 + -32 + -23.
37
Calculate -29 + 8 - -61 - (-5 - -2 - -4 - 9).
48
Evaluate -19 - (8 + (-19 - 6) + 11).
-13
Evaluate -8 + 11 + -76 + (18 - 52).
-107
3 + -18 + (213 - 249) - -8
-43
Calculate 12 - 22 - (-742 - -833).
-101
-27 + (8 - -13) - -25 - 46
-27
Calculate 0 + 29 + -15 + -46 + 9.
-23
What is the value of 4972 + -4940 - (-1 - -16)?
17
0 + -9 + 0 - (-4 - (-7 + 13 - -17))
18
6 + (-15 - -23) - 35
-21
Calculate -26 - (-6 + -18 + -23 + 21 + 22).
-22
What is -104 - -91 - (-11 - -8 - -89)?
-99
Evaluate -23 + 41 - 65 - -39.
-8
Evaluate -38 + -2 - (-279 + 45 - -123).
71
Evaluate (-11 + (-5 - -10) - -1) + (41 - (-72 - -40)).
68
(-62 - -65) + 35 - (115 + -3)
-74
Calculate -34 + (-5 - 10 - 30) + 25.
-54
Calculate 24 - (-11 + -4 - -30).
9
(14 - ((-19 - -18) + -6 + 15)) + (-1 - 31)
-26
-4 + -58 + 3 - (4 - (-15 - -13))
-65
-6 + (1 - -3) + -2 - (-238 + 227)
7
-2 - (-2545 + 2560 + (17 - 1))
-33
What is 120 + (1 - (176 - -5))?
-60
What is the value of 0 + (47 - (-53 - -50))?
50
What is (14 - 7) + -2 + -3 - (31 - 62)?
33
Calculate 33 - (58 - 98) - 158.
-85
What is the value of (-428 - -427 - (3 + 28)) + 63?
31
Evaluate 97 + (58 - -31) + -94.
92
What is the value of 14 - 1 - (-5 + 29 + (-18 - -12)) - 24?
-29
What is (60 - (101 - -6)) + 40?
-7
What is the value of -9 + (-1 + -1 - (44 + -54 - -12)) - -81?
68
Calculate -76 + -10 + 1 + (39 - 22).
-68
Evaluate -10 - ((-53 - -4) + 30 - -19 - (-22 + 0)).
-32
Calculate -680 - -619 - (2 - 63).
0
Calculate (-1 - 21) + (-23 - (22 - 52)).
-15
What is the value of 29 + (8 + 1 - (21 - 0))?
17
Calculate -67 + 33 + (-34 - -40).
-28
What is (-48 - (-50 + 19) - -74) + (-4 - (0 - -2))?
51
Evaluate (-15 - -68) + (-29 + 19 - -43).
86
Calculate -4 + (-32 - (0 - -1)) + 28 + -17 + -12.
-38
What is 3047 + -3108 + (-2 - (-17 + -2))?
-44
Calculate -10 + (-8 - (62 - (-3 + 5 + 15 + -13))).
-76
Calculate -2 + -45 + (-181 - (-154 - 37)).
-37
31 - (118 + 7 + -20)
-74
What is -5991 + 5962 - (-1 + -38)?
10
Evaluate 55 + (45 - 265) + 94.
-71
What is 951 + -959 - (0 + -8 + 5)?
-5
-25 + 30 + -22 - -3 - 1
-15
-18 + -19 + (-62 - 0) + 394 + -393
-98
What is the value of (35 - (-25 + 19)) + -35 - -9?
15
Calculate 47 + -82 + (12 + (9 - 11) - 9).
-34
What is -27 - ((23 - 98) + 80)?
-32
What is the value of -14 - (-62 + 63 - 103)?
88
(6 + -4 + 77 - -8) + -8 + (-11 - -10)
78
-21 + -63 + 29 + 9
-46
What is the value of (-40 - -7) + (606 - 592)?
-19
What is the value of (28 + -30 - -39) + -55 - (15 - -1)